et k(c) = 70 - 224 - 47*c - 149. List the prime factors of k(-37).
2, 359
What are the prime factors of 8/6 - (-299894)/651?
2, 3, 7, 11
Suppose -4*k - 8 = 0, -3*o - 6787 = 3*k - 7*k. What are the prime factors of 40/(-24)*o/5?
5, 151
Let a be (-45)/(-315) - (0 - (-34)/(-7)). Suppose -r + 702 = -a*h, 48*h = 4*r + 44*h - 2728. List the prime factors of r.
677
Suppose -4*k + 32599 = -2*k - w, 4*k = -6*w + 65190. List the prime factors of k.
3, 1811
Suppose 0 = -106*n + 96*n + 30. Let m be (-148)/(-6)*(-9)/(-6). Suppose -m = n*i - 250. What are the prime factors of i?
71
Let z = -147 + 149. Suppose -z*l - 802 = -3092. What are the prime factors of l?
5, 229
Suppose 0 = 4*z - 6*z - 3*q - 15, q = -5. Suppose z = u + 13*u + 196. List the prime factors of (-21)/u*(-148)/(-3).
2, 37
Let x = 118 - 205. Let u = x - -93. What are the prime factors of (u + 16/(-4))/6*549?
3, 61
Let k = -6 + 14. Suppose k*f + 337 = -1879. Let t = -176 - f. What are the prime factors of t?
101
Let c(l) = 44*l**2 - 9*l - 39. Let b be c(-4). Suppose 4*a + 695 = r, -r + 9*a = 11*a - b. List the prime factors of r.
3, 233
Suppose -5*o - 9*p = -28055, 9*p - 16826 = -3*o + 5*p. List the prime factors of o.
2, 2801
Let q be 665/42 + 1/6. Let o = -14 + q. List the prime factors of 182/4 + (-3)/o.
2, 11
Let l be (-19330)/(-16) - (171/24 + -7). Suppose -l - 124 = -6*f. Let r = 456 - f. List the prime factors of r.
2, 3, 13
Let c = -339 + 440. Let n(o) = 3*o**2 - 7*o - 1. Let i be n(8). Let k = c + i. List the prime factors of k.
2, 59
Let s(f) = f**3 + f**2 - f - 1. Let y be s(-1). Let n = 65 - 54. Suppose y = n*a - 20*a + 918. What are the prime factors of a?
2, 3, 17
Let y(q) = -134*q - 42. Let h be y(-12). Suppose -11*u + 3821 = h. What are the prime factors of u?
5, 41
Let l(p) = 12*p**2 + 4*p - 5. Let t be l(1). Suppose 4*k + n = 897, t*n = -k + 7*n + 243. List the prime factors of k.
223
Suppose 2*n - 3*h + 20 = -14, n + 24 = -2*h. Suppose -2*x - 444 = 2*x. Let p = n - x. What are the prime factors of p?
7, 13
Let r(u) = 3*u**2 - 8*u + 1. Let w be r(3). What are the prime factors of 27/(-6)*(w - 8 - 60)?
2, 3
Let l(o) = o**3 + 9*o**2 - o - 16. Let x be l(-9). Let d(s) = -5*s + 14. Let v be d(x). Suppose 2*k + k + r = 99, -5*r - v = -2*k. List the prime factors of k.
2
Let c = -1311 - -374. Let q = -483 - c. List the prime factors of q.
2, 227
Let c(p) = -p + 1245. Let q(i) = -2*i + 1241. Let s(v) = 6*c(v) - 5*q(v). List the prime factors of s(0).
5, 11, 23
Suppose -147 - 51 = -3*k. Let l be (6*(0 - -5))/(k/(-88)). Let g = 3 - l. List the prime factors of g.
43
Suppose -5*o + 8 = -7*o, 5*r = 2*o - 32. What are the prime factors of (4 + 406/r)*24/(-6)?
11, 17
Let o(k) = 242*k + 3631. What are the prime factors of o(30)?
10891
Let z = -426 + 738. Suppose 8*r = 11*r - z. Suppose -r*x = -106*x + 150. List the prime factors of x.
3, 5
Let o be (-16)/12*(1 + 34/(-4)). List the prime factors of 716/8*o + 3.
2, 449
Let w(j) = 89*j - 764. What are the prime factors of w(40)?
2, 3, 233
Let a(w) = -2*w**3 - 7*w**2 - 5*w - 4. Let r be a(-3). Suppose -m - o = -r, -3*o = -3*m - 0*m - 24. List the prime factors of (0 + 2/m)*-54.
2, 3
Let f be 17 + 0 + -13 + 8. Suppose -4*v = -f, 11*v = -3*q + 13*v + 684. List the prime factors of q.
2, 5, 23
Let l(u) = 1 + 2 + 2*u + 11. Let p be l(-7). Let d(j) = -j**3 - 2*j + 82. List the prime factors of d(p).
2, 41
Suppose 3*j + 4*n = -0*n + 5, 0 = 3*j - n - 10. Suppose 5*c - 7448 = -j*c. Suppose c = -5*f + 12*f. List the prime factors of f.
7, 19
Suppose 105 - 97 = 2*t, 4*t = -5*d + 217176. What are the prime factors of d?
2, 61, 89
List the prime factors of (16 + 0 - 132)*(-696 + 1).
2, 5, 29, 139
Let o be 4471/68 - 3/(-12). Suppose -3*c + 13 = f + f, 4*c + 2*f = 14. What are the prime factors of 10/(-5) + o + c?
5, 13
Let n(v) be the second derivative of 7/6*v**3 + 1/2*v**2 + 1/6*v**4 + 0 - 4*v. List the prime factors of n(5).
2, 43
Let u be -1*(-2 + (1 - -1)). Let w be ((4 - 222/30) + 3)*-10. Suppose w*x - 7*x + 165 = u. What are the prime factors of x?
5, 11
Let o(b) = -128*b - 74. Let g(t) = -64*t - 37. Let r(v) = 9*g(v) - 4*o(v). List the prime factors of r(-7).
3, 137
Let m(u) = 13*u**2 + 10*u**2 + 30*u**2 - 4*u**2 - 2*u - 244 + 206. What are the prime factors of m(-5)?
3, 7, 19
List the prime factors of (-15 - -5) + -7 + 7900.
7883
Let h = 4864 - 678. What are the prime factors of h?
2, 7, 13, 23
Suppose 0 = -4*u - 26*u - 24180. What are the prime factors of (6 - 4) + u/(-2)?
3, 5
What are the prime factors of (2 - -3607) + 15/((-150)/80)?
13, 277
Let o be -7 + (-235)/(-35) + (-242)/(-14). Let c be 102/o*2/6. List the prime factors of 4896/27 - c/(-3).
2, 7, 13
Let n(s) = -3*s**2 + 11*s + 6. Let y be n(4). Let l be y/(-11) + 47320/110. Let v = -303 + l. What are the prime factors of v?
127
What are the prime factors of -14*11/(-924) - 74902/(-12)?
2, 3121
Let j = 4835 - 4670. List the prime factors of j.
3, 5, 11
Let j(h) = 3*h - 58. Let k be j(21). What are the prime factors of k - 1 - (-3809)/39*9?
883
List the prime factors of 5936*(1/5)/(46/115).
2, 7, 53
Let m(g) = -8*g**2 - 55*g + 104. Let k be (2/(-12) - 15/18)*11. Let n(t) = 3*t**2 + 18*t - 35. Let r(a) = k*n(a) - 4*m(a). List the prime factors of r(13).
2, 43
Let g = -507 - -360. Let f = -68 - g. What are the prime factors of f?
79
Suppose -2*p = 0, -4*s + 2*p + 2*p - 54768 = -205084. List the prime factors of s.
37579
Let f(d) = 14*d**2 - 5 - 4*d + 0*d - 4*d**2. Suppose 5 - 6 = -a + 5*h, -2*h - 22 = 5*a. List the prime factors of f(a).
3, 19
Suppose 3*b = 4*g - 1 - 10, 5*g - 5*b = 15. Suppose g*p + 12 = o, 5*o - 5*p = -3*p + 92. Suppose -4*t = -5*t + o. List the prime factors of t.
2, 5
Suppose 0 = -3*l - f + 22714, -17 - 3 = -5*f. What are the prime factors of l?
2, 5, 757
Suppose -22875 = 37*f - 102149 - 30135. What are the prime factors of f?
2957
Let b = 1515 + -2776. Let j = 179 - b. Suppose -23*q + 21*q + o = -579, -5*q + j = -4*o. List the prime factors of q.
2, 73
Let i(j) = -j**3 - 10*j**2 + j + 94. Let y be i(-9). Suppose 4 = b - 0. Suppose b*n + 10 = f, 0 = 3*n - 2 - y. List the prime factors of f.
2, 3
Let t be ((-444)/259)/(2/14). What are the prime factors of 1/4 + ((-56295)/t)/15?
313
Let z(o) = -15*o - 41. Let a = -28 - -10. Let g be z(a). Suppose -r - 4*k + 9*k + g = 0, 0 = -5*r + k + 1049. List the prime factors of r.
11, 19
Let x(c) = c**3 + 2*c + 112. Let w be (-2)/((-4 - -3)*(-1 + 2)). Suppose w*h = 4*h. List the prime factors of x(h).
2, 7
Suppose 2*a - 8*j + 7*j - 6118 = 0, -8*j = -2*a + 6118. List the prime factors of a.
7, 19, 23
Let d = -6 + 10. Suppose 3*b + 3 = 0, -4*y - 31 = d*b - 3. What are the prime factors of 25*2 - (-8 - y)?
2, 13
Let w = -691 + 696. Suppose -6*m + 4*m = -2*k + 1238, -4*m = w*k - 3050. What are the prime factors of k?
2, 307
Let x be (1 + 0/(-1))*(-4 + 0). Let s be (3 - (-6)/x)*228. Suppose -s = -5*v - 4*j, 2*v - 22 = -5*j + 108. List the prime factors of v.
2, 5, 7
Let c be (-2)/(-2)*12*60/40. Suppose 10 = 3*y + 37. What are the prime factors of ((-71)/2)/(y/c)?
71
Suppose -6103724 = -176*z - 41*z + 679479. List the prime factors of z.
31259
Suppose 0 = z + 3*z, 3*c = -4*z + 57. Let d = c - 15. Let j(m) = m**3 - 7*m**2 + 12*m + 3. What are the prime factors of j(d)?
3
Let a(j) = j**3 - 2*j**2 - 3*j - 8. Let p be a(7). Suppose -n - 5*t + 115 + 89 = 0, -n - 2*t = -p. List the prime factors of n.
2, 7
List the prime factors of ((-2231)/(-97))/(2/758).
23, 379
Let n(v) = v**2 + 22*v + 44. Let l be n(-20). Suppose a - 730 = l*t, -a - 16*t = -21*t - 732. List the prime factors of a.
2, 19
Let l = 560 - 554. What are the prime factors of (174 - -4)*9/l?
3, 89
Suppose 200 = -3*a - 2*r, -3*a - r = 3*r + 196. Let k = 165 - a. What are the prime factors of k?
233
Let m = 56 + -54. Suppose m*h = 5*h - 33. Suppose 0 = c + 2*k - h, -8 = 5*c - 3*k - 89. What are the prime factors of c?
3, 5
Suppose 7223 + 18334 = 7*v. What are the prime factors of v?
3, 1217
Suppose -11*z = -2*n - 14*z + 6974, -5*z = 10. List the prime factors of n.
2, 5, 349
Suppose 67 + 53 = 6*j. Let r be 28/(-35)*j/(-8). Suppose 5*a + 144 = s, 4*s + a = r*a + 671. What are the prime factors of s?
13
Let c = 132 - 113. Suppose -3*a + 152 = -c. What are the prime factors of a?
3,